6 - 26*y - y**2 + 0*y**2 - 2*y + 14*y. Determine n(-14).
-6
Let s(w) = 8*w + w - 3 - 10*w. Let b = 263 - 260. What is s(b)?
-6
Let a(t) = -t**3 - t + 1. Let g be a(0). Let q(h) = h + h - h + g + 0. Let z = 107 + -102. Give q(z).
6
Let q(s) = 14*s. Suppose 0 = 3*p + 2*o + 16, 30*p - 34*p - 3 = -o. Determine q(p).
-28
Let r = 196 - 192. Let n(m) = -m - 5. What is n(r)?
-9
Let a(v) = v**2 - 10*v - 6. Let x(s) = -s**2 + 9*s + 6. Let b(i) = -3*a(i) - 4*x(i). Let f(w) = w - 8. Let l be f(7). Let d be -9*(15/(-9) - l). Calculate b(d).
-6
Suppose 3 - 5 = -l. Let d(o) = -l - 2 + 7*o - 2*o**2 - 1. Let p = 658 + -654. What is d(p)?
-9
Let g(h) = h**2 + 10*h - 11. Suppose j + 5*w - 3*w = -8, w - 50 = 4*j. Determine g(j).
13
Let a(w) = 3*w - 9. Let o be 7/2 + 5*27/90. What is a(o)?
6
Let g(c) be the second derivative of -5*c**3/6 - 6*c. Suppose 16*o = 12*o + 8. Let i be -1*((-4)/(-1))/o. Give g(i).
10
Let r(k) = k**2 + k - 2. Let x be r(-3). Suppose 7*b - 2*b + x*z + 1 = 0, 2*b - 4*z - 22 = 0. Let d(y) = 0 - 5*y - b + 6*y - 1. Determine d(6).
2
Let t(d) = 8*d**2 + 2*d**2 + 4*d**2 - 5 - 15*d**2. Suppose 2*l = -4*x + 8*x - 16, 0 = -l - 4. Suppose -x*v - 3*v + 3*i = 6, -6 = -3*i. Give t(v).
-5
Let s(v) = -5*v + 90. Let w(b) = -2*b + 33. Let q(f) = -3*s(f) + 8*w(f). Give q(-18).
12
Let s = 16375/6 + -2729. Let h(o) be the third derivative of 5*o**2 + 1/2*o**3 + s*o**4 + 0 + 1/120*o**6 + 0*o + 1/15*o**5. What is h(-2)?
3
Let w(p) = -17*p**2 + 7*p - 13. Let f(o) = -8*o**2 + 3*o - 7. Let l(v) = -9*f(v) + 4*w(v). Let k(i) be the first derivative of l(i). Determine k(2).
17
Suppose -5*l + 41 = -5*r + 11, 0 = -l + 5*r + 6. Let y(s) = 4 - 5 - 2*s + s**3 - 4*s**2 - l. Suppose 5*u - 6 = q + 14, 2*u = -3*q + 25. What is y(u)?
8
Suppose -1 = q + 1. Let g(j) be the first derivative of j**4/2 + 2*j**3/3 - j**2/2 - j + 256. Give g(q).
-7
Let s be 266/63 + 4/(-18). Suppose 0 = 5*j + 3*p + s, -2 = 2*j + p - 0*p. Let u be 8 + -1 + 1 + j. Let y(v) = v**2 - 7*v + 4. Calculate y(u).
-2
Let u(p) be the third derivative of p**6/120 + 13*p**5/60 - 13*p**4/24 + 7*p**3/6 + 4*p**2 + 16*p. Calculate u(-14).
-7
Let c(z) = 18*z**2 + 4*z + 14. Let y(f) = f**2 - 1. Let v(p) = -c(p) + 2*y(p). Let r(u) = 3*u**2 + u + 3. Let d(h) = 11*r(h) + 2*v(h). Give d(-4).
5
Let a(y) = -3*y**3 - 25*y**2 + 50*y + 19. Let w(t) = 2*t**3 + 13*t**2 - 28*t - 10. Let r(o) = 3*a(o) + 5*w(o). Calculate r(8).
-41
Let d = 3 + -1. Suppose 2*f + 2*l = -18, -d*l + 4*l = -f - 14. Let t(k) = 7*k + 1. Let o(x) = -13*x - 1. Let m(c) = 6*o(c) + 11*t(c). Determine m(f).
9
Let p(f) = f**3 + 12*f**2 - f - 8. Let u = 653 - 665. Determine p(u).
4
Let x(d) = d**3 + 5*d**2 + 4*d - 4. Let f(s) = -13*s - 160. Let q be f(-12). What is x(q)?
-4
Suppose 4 = -3*y + 5*y. Suppose 5*a + 3*l = -19, 3*a - y*l - 11 = 6*a. Let u(p) = -3*p - 4. Calculate u(a).
11
Let s(q) be the second derivative of -1/12*q**4 + 0 + 10*q + 7/6*q**3 - 3/2*q**2. Calculate s(8).
-11
Suppose 9 = t + 4*g + 3, -3*t + 18 = -g. Let a = -4 + t. Let f(n) = 9*n**2 + 3 - 6*n**2 + 2327*n - 2329*n. What is f(a)?
11
Let t(l) = 9*l**2 + 27*l + 19. Suppose -2*u - 28 = 4*v, 0 = v - 5*u + 9 - 2. Let b(f) = 4*f**2 + 13*f + 10. Let d(w) = v*b(w) + 3*t(w). Calculate d(-9).
-4
Let h(l) = 11*l**2 + 6*l - 22. Let q(p) = -12*p**2 - 7*p + 26. Let w(t) = -7*h(t) - 6*q(t). Give w(1).
-7
Let m be (-13)/(1 + -2 + 0). Let x = -13 + m. Let i(t) be the second derivative of -t**3/6 - 15*t**2/2 - 24*t. What is i(x)?
-15
Let o(f) = f - 17. Let x be o(15). Let a = x - 4. Let p(n) = 2*n + 3. What is p(a)?
-9
Let m(g) = -g**2 - 20*g - 92. Let d be m(-7). Let z(r) = 1. Let k(j) = 5*j + 15. Let v(b) = -k(b) + 15*z(b). Calculate v(d).
5
Let y = -14 - -34. Suppose 5*p - p = -y. Let q(v) = -v + 9. Let t(x) = x - 8. Let r(c) = -3*q(c) - 4*t(c). Determine r(p).
10
Suppose -4 + 9 = -5*g. Let w(n) be the second derivative of 7*n**5/60 + n**4/24 - n**2/2 - 2*n. Let j(c) be the first derivative of w(c). Determine j(g).
6
Let m be 2/(-4) + (-25)/10. Let j be m/(-5 + 2)*-5. Let y(o) = 6*o**2 + 11*o**3 - 2*o**2 + o**2 - 2 - 10*o**3 + o. Give y(j).
-7
Let b = -135 - -143. Let j(f) = -f**3 + 8*f**2 + 4*f - 11. Determine j(b).
21
Suppose -41*d + 17*d = -360. Let c(l) = -l + 22. Calculate c(d).
7
Suppose 5*a + 1 = -5*o + 21, 0 = 2*a - 3*o - 13. Let m(k) = k**2 - k. Let d(v) = -3*v**2 + 2*v - 2. Let t(c) = d(c) + 4*m(c). What is t(a)?
13
Let p(h) = h**2 - 5*h - 4. Let t(l) be the first derivative of -l**3/3 - 7*l**2/2 + 5*l + 13. Let r be t(-7). Determine p(r).
-4
Let n = 13 - 39. Let z = n + 32. Suppose 4 = o + 4*f - 10, f = -5*o - z. Let m(b) = -b**2 - 3*b - 3. Calculate m(o).
-1
Let z(v) = 5*v**3 - 13*v**2 - 9*v + 3. Let s(i) = -12*i**3 + 26*i**2 + 16*i - 5. Let x(m) = -2*s(m) - 5*z(m). Calculate x(14).
-19
Let w(i) = 4*i**2 - i. Let y be w(1). Let l(r) be the third derivative of r**7/2520 + r**4/24 + r**2. Let p(u) be the second derivative of l(u). What is p(y)?
9
Suppose -12 = -0*f - f. Let m(l) = -24 + 5 + 9*l**2 + 13*l - 22*l**2 + 12*l**2 + 12. Give m(f).
5
Let o(z) be the third derivative of 17/24*z**4 + 0*z**3 + 0 + 17*z**2 + 0*z. Determine o(-1).
-17
Let z(h) = -h. Let w be (-4)/(-6) + 3/9. Let g(n) = -14 + 2*n - 7*n**2 + 8*n**2 + 15. Let s(f) = w*g(f) - z(f). What is s(-2)?
-1
Let l(u) = -u**2 + u - 34. Suppose 2*h - 20 = -5*z, 3*h - 4*z = -11 - 5. Determine l(h).
-34
Let t(v) = -v - 6. Let j be (-22)/(-6)*30/5. Suppose -5*y - 3 - j = 0. Calculate t(y).
-1
Let w(m) = -2*m + 5. Suppose 5*v = 2*g + 23, 10*v + g = 12*v - 10. Give w(v).
-1
Let j(d) = 1 + 5 - d - 7 - 3*d**2. Let c = -996 - -994. Determine j(c).
-11
Let d(f) = f + 3. Suppose -44 = 2*r + 2*r. Let q = -6 - r. Suppose -v - q = 3. Calculate d(v).
-5
Let a(u) = 36*u**3 - 6*u**3 + 0*u + 1 - u - 20*u**3 + u**2. What is a(1)?
11
Suppose 2*z + 8 = -3*g - 11, 4*z - 2 = 2*g. Let m be (28 - 29) + 1/((-2)/(-14)). Let x(c) = c**3 - 2 + 2*c**2 - m*c**3 + 6*c**3 - 2*c + c. Determine x(z).
0
Let u(v) be the third derivative of 0 - 5*v**2 - 11/6*v**3 + 1/24*v**4 + 0*v. Let k(c) = 8*c + 1. Let w be k(1). Give u(w).
-2
Let q be ((-14)/5)/((-10)/50). Suppose 15*g = 14*g + q. Suppose 2 - g = -3*b. Let d(o) = 2*o - 5. Give d(b).
3
Let s(g) = 0*g - 31*g + 32 - 58 + 25. Give s(1).
-32
Let x(a) = a + 8. Let d be x(-5). Suppose -d*v = -v + 3*v. Let t(y) = y**3 + y**2 + 1. Determine t(v).
1
Let m(l) = l**3 + 15*l**2 + 2*l + 26. Let k be 516/(-36) + ((-48)/18 - -2). Give m(k).
-4
Suppose -7*n = -4*n + 24. Let a(i) = -2*i + 3*i**2 + 9 - 4*i**2 - 9*i - 8*i**2 + 3*i - i**3. Give a(n).
9
Let h(a) = -a - 4 + 5*a**3 + 1 - 4 - 4*a**3 + 9*a**2. Let d(t) = -8*t - 1. Let w be d(1). Calculate h(w).
2
Suppose 3*w + 22 = w. Let u = w - -5. Let j(k) be the second derivative of k**5/20 + 5*k**4/12 - 4*k**3/3 - 5*k**2/2 - 12*k + 3. What is j(u)?
7
Let k(p) be the third derivative of 5/3*p**3 + 8*p**2 + 1/12*p**4 + 0*p + 0. What is k(-7)?
-4
Let t(d) = -2*d - 1. Suppose 13 = 3*g + 4*s, 15 + 1 = 4*g + 5*s. What is t(g)?
1
Suppose -2*p + 13 = -3*p. Let n(g) be the second derivative of g**4/12 + 13*g**3/6 - g**2 - 184*g. Calculate n(p).
-2
Let y(t) be the first derivative of 1/3*t**4 - 6 - 1/20*t**5 + 5*t + 2/3*t**3 + 0*t**2. Let p(m) be the first derivative of y(m). Calculate p(5).
-5
Let i(m) = m**2 + 6*m + 9. Let u(f) = f**3 + 12*f**2 - 15*f - 32. Suppose 0 = 2*t - o + 3 + 26, -4*t - 55 = -o. Let h be u(t). Determine i(h).
9
Let i(f) = -2*f - 23. Suppose -2*d - 6 = 0, -11*k + 2*d = -15*k - 38. Calculate i(k).
-7
Let y = 408 + -398. Let l(q) = -q**3 + 11*q**2 - 14*q + 13. Determine l(y).
-27
Suppose 4*v - 2*b = -20, 4*v + 0*b = -2*b - 4. Let d = v + -1. Let r(k) = -k**2 - 2 - k**2 - 2*k - 4*k. Calculate r(d).
-10
Let i(o) = 24 + 4*o**2 + 2*o**3 - 3*o**3 - 7*o - 21 - 15 + 6*o**2. Give i(9).
6
Let g(z) = 5*z - 4. Let v(l) = -l + 2. Let k(a) = a - 1. Let i(q) = 6*k(q) + 7*v(q). Let j be i(5). What is g(j)?
11
Let l(o) = 7 + 34*o - 29*o - 3. Let q(b) = 2*b**2 + 14*b - 3. Let t be q(-7). Give l(t).
-11
Let l(r) be the third derivative of 7*r**4/24 - 7*r**3/2 + 14*r**2 + 3. Calculate l(6).
21
Suppose n + 5*n + 0*n = 0. Let x(z) = n*z + 0*z - 2*z. Let d be (-5 - -1) + 1 + -1. What is x(d)?
8
Let y(q) = 23 + 6*q - 14*q + 2*q - q. Let z(m) = 4*m - 12. Let s(g) = 3*y(g) + 5*z(g). What is s(7)?
2
Le